-10).
-136
Let z(y) = 4*y**2 + 127*y - 229. Give z(-42).
1493
Let a(i) = 14385*i + 719255. Calculate a(-50).
5
Let d(y) = 2123*y + 33899. What is d(-16)?
-69
Let i(v) = -v**3 - 3*v**2 + 50217*v + 251029. Determine i(-5).
-6
Let f(k) = -14*k**3 - 142*k**2 + 85*k - 516. Give f(-11).
1
Let b(k) = 135*k - 734. Determine b(11).
751
Let j(z) = -6245*z - 237295. Calculate j(-38).
15
Let i(o) = 6*o**2 - 166*o + 2205. What is i(15)?
1065
Let t(w) = w**3 - 70*w**2 + 323*w - 17525. Determine t(69).
1
Let p(c) = c**3 - 276*c**2 + 826*c - 1684. What is p(273)?
227
Let a(r) = 5*r**2 + 59*r - 154. Calculate a(-14).
0
Let z(t) = 521*t + 20302. Determine z(-37).
1025
Let a(m) = m**3 - 17*m**2 + 305*m - 5183. Give a(17).
2
Let c(a) = 12414*a - 12178139. What is c(981)?
-5
Let n(g) = 17*g**3 + 148*g**2 - 87*g - 361. Calculate n(-9).
17
Let n(d) = d**3 + 401*d**2 + 468*d + 27729. What is n(-400)?
529
Let s(m) = -1623*m**2 - 8037*m + 423. Calculate s(-5).
33
Let v(t) = -5*t**2 + 10*t - 1. Calculate v(-6).
-241
Let k(f) = 3*f**2 + 212*f - 430. Give k(-74).
310
Let q(z) = -352*z - 29886. Determine q(-85).
34
Let r(y) = -64*y**2 + 105*y + 10452. Determine r(-12).
-24
Let q(x) = -214*x + 3581. Calculate q(19).
-485
Let i(l) = -l**3 + 104*l**2 - 862*l - 159. What is i(95)?
-824
Let r(s) = s**2 - 58567*s + 17306193. Determine r(297).
3
Let w(r) = 3*r**2 + 1758*r - 8809. Determine w(5).
56
Let y(m) = -3306*m - 23101. What is y(-7)?
41
Let m(x) = x**3 + 139*x**2 + 1775*x + 3142. What is m(-125)?
17
Let j(t) = 9384*t - 9478. Determine j(1).
-94
Let t(c) = -c**2 + 6924*c - 254810. Determine t(37).
9
Let s(i) = 2*i**3 + 468*i**2 + 1845*i + 1142. What is s(-230)?
-8
Let h(k) = 304*k**2 - 662*k + 128. What is h(2)?
20
Let y(t) = 3*t**3 - 135*t**2 - 582*t + 139. What is y(49)?
433
Let x(h) = 6863*h + 42816. Calculate x(-6).
1638
Let r(q) = -20825*q - 2249082. What is r(-108)?
18
Let g(b) = -7517*b + 338256. What is g(45)?
-9
Let a(r) = r**3 + 230*r**2 - 876*r - 41251. Give a(-233).
-10
Let i(c) = 3*c**3 + 73*c**2 + 197*c - 3169. Calculate i(-13).
16
Let d(t) = 16*t**3 - 573*t**2 + 1962*t - 313. Calculate d(32).
7
Let q(d) = d**3 - 203*d**2 + 669*d - 13739. Give q(200).
61
Let z(h) = -52*h**2 - 496*h - 1083. Determine z(-4).
69
Let s(z) = -509*z - 23901. Calculate s(-47).
22
Let b(y) = 3*y**2 + 7263*y - 29076. Give b(4).
24
Let y(f) = -34108*f - 341060. Determine y(-10).
20
Let b(g) = 1316*g**2 - 67*g - 71. What is b(-1)?
1312
Let a(m) = 58*m**2 + 1031*m - 14608. Give a(-27).
-163
Let w(j) = 4*j**3 + 143*j**2 - 350*j - 302. Give w(-38).
2
Let d(b) = -3*b**3 - 77*b**2 - 63*b + 142. Calculate d(-24).
-1226
Let j(r) = -8082*r + 404074. What is j(50)?
-26
Let r(o) = -3*o**3 - 180*o**2 - 382*o - 51. Determine r(-2).
17
Let q(z) = -40*z**3 + 4*z**2 + 12*z + 10. Calculate q(-2).
322
Let u(w) = 3*w**3 - 51*w**2 + 371*w - 6192. Calculate u(17).
115
Let r(x) = 61*x**2 - 72*x + 79. Calculate r(1).
68
Let c(q) = -q**3 - 51*q**2 + 8272*q - 950. Determine c(-120).
10
Let p(b) = -240662*b + 721954. Give p(3).
-32
Let q(i) = -10*i**2 - 615*i + 283. Give q(-61).
588
Let d(m) = -85*m**3 + 3*m**2 - 1294*m + 1290. What is d(1)?
-86
Let f(b) = -66338*b - 663386. Give f(-10).
-6
Let w(l) = -l**3 - 46*l**2 + 258*l + 186. What is w(-51)?
33
Let i(w) = 37540*w + 3528761. Give i(-94).
1
Let i(c) = -282*c**2 + 3220*c - 447. Determine i(11).
851
Let i(u) = 216*u - 88552. What is i(410)?
8
Let z(f) = 4*f**2 - 178*f + 764. Give z(41).
190
Let l(a) = -2*a**2 + 60415*a - 95. What is l(0)?
-95
Let c(g) = g**3 + 41*g**2 - 366*g. What is c(6)?
-504
Let o(x) = x**3 - 21*x**2 - 780*x - 60. Determine o(-23).
-5396
Let w(g) = 8*g**2 - 464*g + 350. Give w(57).
-106
Let y(k) = -k**3 - 156*k**2 - 290*k + 2520. Give y(-154).
-252
Let b(z) = -41006*z - 20790023. Give b(-507).
19
Let y(b) = -681*b - 102072. Give y(-153).
2121
Let m(t) = -45*t + 206. Calculate m(-1).
251
Let u(p) = p**3 + 248*p**2 + 2149*p + 407628. Determine u(-246).
6
Let l(r) = 337*r - 6286. Give l(35).
5509
Let w(f) = -180*f**3 + 109*f**2 - 226*f + 13. Calculate w(2).
-1443
Let y(x) = 9*x**2 - 558*x + 2868. What is y(5)?
303
Let z(m) = -4*m**3 + 53*m**2 + 1954*m - 28332. Give z(16).
116
Let s(d) = 117*d**2 - 48*d + 96. What is s(0)?
96
Let g(l) = -7*l**2 - 2607*l + 20150. Determine g(-380).
10
Let h(w) = -17986*w + 143928. Give h(8).
40
Let y(r) = -29*r**2 - 10607*r + 2571. Calculate y(-366).
9
Let q(y) = -y**2 + 112*y - 1778. Give q(18).
-86
Let i(z) = -7*z**3 + 256*z**2 + 29*z + 511. Determine i(37).
-2523
Let j(f) = 2816443*f + 8449328. Give j(-3).
-1
Let a(l) = 483*l**2 - 5800*l + 53. Calculate a(12).
5
Let i(p) = 2*p**3 - 5*p**2 - 39*p + 69. Determine i(4).
-39
Let q(r) = -3*r**3 + 2*r**2 - 71*r - 327. Determine q(-7).
1297
Let s(h) = -4340*h - 17320. What is s(-4)?
40
Let w(s) = -3*s**3 - 4*s**2 + 6948*s + 13913. Give w(-2).
25
Let s(d) = -315*d**2 + 1024*d + 6. Give s(3).
243
Let k(m) = -m**3 - 31*m**2 + 140*m + 1016. Calculate k(-34).
-276
Let v(x) = 12*x**2 - 553*x + 43. What is v(48)?
1147
Let k(i) = -35*i**2 + 576*i + 420. Calculate k(17).
97
Let z(d) = -d**2 - 124*d + 6060. Determine z(37).
103
Let o(d) = -10*d**2 + 2100*d - 12243. Give o(204).
-3
Let a(v) = -78*v**2 + 4445*v + 241. Give a(57).
184
Let u(w) = -1297*w + 853. Determine u(0).
853
Let m(a) = 4*a**2 - 271*a - 1044. What is m(71)?
-121
Let t(w) = -10143184*w + 40572743. Calculate t(4).
7
Let f(d) = -d**3 - 113*d**2 + 479*d + 14499. Calculate f(-116).
-697
Let u(s) = 2*s**2 + 3006*s + 97014. Determine u(-33).
-6
Let p(z) = 3081*z - 2957. Determine p(1).
124
Let x(j) = 26198*j + 78703. Calculate x(-3).
109
Let u(a) = a**3 + 27*a**2 + 666*a + 4122. Calculate u(-8).
10
Let q(a) = 5*a**3 - 35*a**2 - 1274*a + 8924. Determine q(7).
6
Let q(l) = -544*l - 126221. What is q(-232)?
-13
Let k(y) = -y**3 - 33*y**2 + 738*y - 2792. Determine k(11).
2
Let q(n) = -48*n + 1878. Calculate q(56).
-810
Let z(n) = -n**3 + 4*n**2 - 15*n + 1524. What is z(0)?
1524
Let c(q) = 2*q**3 + 49*q**2 + 457*q + 11971. What is c(-25)?
-79
Let m(w) = 17*w**2 + 214*w - 1396. Determine m(5).
99
Let o(k) = 5559*k - 27895. Give o(5).
-100
Let c(n) = -455*n - 69931. What is c(-149)?
-2136
Let a(t) = -91252*t + 1368778. What is a(15)?
-2
Let v(o) = 688595*o + 2. What is v(0)?
2
Let g(l) = 2*l**2 + 13740*l + 355889. Calculate g(-26).
1
Let t(k) = -k**3 + 15*k**2 - 102*k + 208. Calculate t(3).
10
Let i(v) = -4*v**2 + 40153*v - 921402. Give i(23).
1
Let w(j) = j**3 + 643*j + 11756. What is w(-14)?
10
Let c(r) = -r**2 - 333*r + 25906. Give c(65).
36
Let i(t) = -1937*t - 54278. Calculate i(-28).
-42
Let j(b) = b**2 - 29*b + 183. Give j(11).
-15
Let k(g) = -1219*g + 51213. Determine k(42).
15
Let m(o) = 28510*o + 113275. Give m(-4).
-765
Let n(v) = v**2 + 1005*v + 12933. What is n(-13)?
37
Let z(u) = u**3 - 102*u**2 - 1333*u - 144. Calculate z(114).
3846
Let m(x) = 59*x**3 + 131*x**2 - 47*x - 37. Calculate m(-3).
-310
Let k(a) = a**3 - 9*a**2 + 2462*a - 17196. Calculate k(7).
-60
Let w(j) = 54*j + 1401. Give w(-36).
-543
Let r(z) = 6999*z + 28818. Give r(-4).
822
Let y(r) = -2046*r - 114889. Give y(-56).
-313
Let z(a) = 24641*a - 443533. What is z(18)?
5
Let i(w) = -w**3 - 27*w**2 + 1005*w + 27352. Give i(-28).
-4
Let s(m) = -29*m**2 - 47*m + 103. What is s(2)?
-107
Let t(w) = 323098*w + 19708970. Determine t(-61).
-8
Let n(j) = 2*j**3 + 24*j**2 + 285*j + 506. Determine n(-2).
16
Let n(x) = -23*x**2 + 525*x - 3640. Give n(7).
-1092
Let h(g) = -198*g**2 + 225389*g - 73975. Calculate h(1138).
-5
Let c(m) = -m**2 - 5044*m + 945724. Give c(181).
-1
Let a(l) = -4434*l + 709383. What is a(160)?
-57
Let g(v) = -5*v**2 + 1223*v - 6989. Give g(239).
-297
Let r(m) = m**3 + 19*m**2 + 27*m - 291. What is r(-5)?
-76
Let b(z) = 5*z**2 + 619*z + 185. Give b(-128).
2873
Let c(r) = -3*r**3 + 25*r**2 - 1366*r + 2635. Calculate c(2).
-21
Let f(d) = -866*d - 135096. Determine f(-156).
0
Let j(p) = -5*p**2 + 2199*p + 204927. Give j(-79).
1
Let p(y) = 221*y - 2059. Determine p(4).
-1175
Let h(q) = 2*q**3 + 33*q**2 - 67177*q - 1141725. Determine h(-17).
-5
Let b(v) = -105*v**3 + 416*v**2 - 16*v + 35. Determine b(4).
-93
Let x(g) = -2159*g**2 - 35*g + 17. Calculate x(1).
-2177
Let u(q) = 1471*q + 23854. Determine u(-15).
1789
Let n(q) = -26505*q 